{"id":14,"date":"2016-10-05T10:53:00","date_gmt":"2016-10-05T10:53:00","guid":{"rendered":"http:\/\/elainkauppa.savipaja.net\/?page_id=14"},"modified":"2025-03-27T11:50:25","modified_gmt":"2025-03-27T09:50:25","slug":"koirien-kuivaruoat","status":"publish","type":"page","link":"https:\/\/www.kapylanelainkauppa.fi\/index.php\/tuotteet\/koirat\/koirien-ruoat\/koirien-kuivaruoat\/","title":{"rendered":"Koirien kuivaruoat"},"content":{"rendered":"<h5 style=\"text-align: center;\">Koirien kuivaruokien valikoimamme on asiakkaidemme toiveesta laajentunut melkoisen kattavaksi.<\/h5>\n<h5 style=\"text-align: center;\">Hyllyst\u00e4mme l\u00f6ytyv\u00e4t vakituisesti alla olevat koirien kuivaruoat<\/h5>\n<h5 style=\"text-align: center;\">Tilaamalla on saatavana muitakin merkkej\u00e4.<br \/>Lis\u00e4tietoa ruokamerkeist\u00e4 saat alla olevia logoja tai tuotemerkkien nimi\u00e4 klikkaamalla.<\/h5>\n<h3><a href=\"https:\/\/www.essential.fi\/\">Essential<\/a>\u00a0<a href=\"https:\/\/www.essential.fi\/page\/21\/essential-tutustu-ihastu-liity-laumaan\"><img loading=\"lazy\" decoding=\"async\" class=\"size-medium wp-image-1591 aligncenter\" src=\"http:\/\/kapylanelainkauppa.fi\/wp-content\/uploads\/Essential-234x300.jpg\" alt=\"\" width=\"234\" height=\"300\" srcset=\"https:\/\/www.kapylanelainkauppa.fi\/wp-content\/uploads\/Essential-234x300.jpg 234w, https:\/\/www.kapylanelainkauppa.fi\/wp-content\/uploads\/Essential.jpg 277w\" sizes=\"auto, (max-width: 234px) 100vw, 234px\" \/><\/a><\/h3>\n<p>Huippuev\u00e4s Isosta-Britanniasta!<\/p>\n<p>ESSENTIALin lis\u00e4aineettoman ja viljattoman koiranruoan ainesosista yli 75 prosenttia sis\u00e4lt\u00e4\u00e4 prosessoimattomia ainesosia ja proteiininl\u00e4hteit\u00e4, kuten vapaana kasvatettua kanaa ja vapaana laiduntavia ankkaa, lammasta ja peuraa sek\u00e4 lohta. Valmistusta ohjaa ESSENTIALin filosofia, jonka mukaan koiran el\u00e4m\u00e4\u00e4 voidaan parantaa sek\u00e4 pident\u00e4\u00e4 oikeanlaisen ravinnon avulla.\u00a0<a href=\"https:\/\/www.essential.fi\/page\/21\/essential-tutustu-ihastu-liity-laumaan\" target=\"_blank\" rel=\"noopener\">Lue lis\u00e4\u00e4 BOF-periaatteesta<\/a>.<\/p>\n<p>Meill\u00e4 koko eritt\u00e4in maistuva sarja valikoimassa!<br \/>2,5kg:n ja 10kg:n pakkauksissa!\u00a0<\/p>\n<ul>\n<li>Beginning,\u00a0 Pennuille<\/li>\n<li>Beginning Large Breed, isojen rotujen pennuille<\/li>\n<li>Superior Living, Aikuisille, Kana &amp; Ankka<\/li>\n<li>Nautical Living, Aikuisille, Kalaa<\/li>\n<li>Estate Living, Aikuisille Peura &amp; Lammas<\/li>\n<li>Highland Living, Aikuisille, Kalkkuna &amp; H\u00e4rk\u00e4 &amp; Fasaani<\/li>\n<li>Stamina, Aktiivisille koirille, Kana &amp; Ankka<\/li>\n<li>Older, I\u00e4kk\u00e4\u00e4mmille koirille, Kana &amp; Ankka<\/li>\n<li>Contour, Ylipainoisille koirille, Kana &amp; Ankka<\/li>\n<li>Breeder Living, Kana&amp; Ankka. Hiukan edullisempi perusruoka<\/li>\n<li>Balance, Perusruoka, Kalkkuna-Riisi<\/li>\n<\/ul>\n<h3><a href=\"https:\/\/www.truthpets.com\/\">Truth<\/a><\/h3>\n<p>Englantilainen keskihintainen laaturuoka.<\/p>\n<p>V\u00e4h\u00e4rasvaiset ja vatsayst\u00e4v\u00e4lliset Kalkkuna-Riisi-pohjaiset t\u00e4ysravinnot<\/p>\n<ul>\n<li>Turkey For Grown Ups, aikuisille 2,5kg<\/li>\n<li>Special For Seniors, Ik\u00e4\u00e4ntyville 2,5kg<\/li>\n<\/ul>\n<h3><a href=\"http:\/\/www.bestpremiums.fi\/zaaron_holistic_als_chicken&amp;rice.html\" target=\"_blank\" rel=\"noopener\">Zaaron<\/a><\/h3>\n<p style=\"text-align: center;\"><a href=\"http:\/\/www.bestpremiums.fi\/zaaron_holistic_als_chicken&amp;rice.html\"><img loading=\"lazy\" decoding=\"async\" class=\"wp-image-829 aligncenter\" src=\"http:\/\/kapylanelainkauppa.fi\/wp-content\/uploads\/Zaaron_12-bag-1-206x300.jpg\" alt=\"\" width=\"198\" height=\"288\" srcset=\"https:\/\/www.kapylanelainkauppa.fi\/wp-content\/uploads\/Zaaron_12-bag-1-206x300.jpg 206w, https:\/\/www.kapylanelainkauppa.fi\/wp-content\/uploads\/Zaaron_12-bag-1.jpg 392w\" sizes=\"auto, (max-width: 198px) 100vw, 198px\" \/><\/a><br \/>Holistinen tuorelihapohjainen AITO kana-riisi t\u00e4ysravinto (kanaa 62 %) koiran kaikkiin el\u00e4m\u00e4nvaiheisiin, pennusta koko aikuisi\u00e4ksi.<br \/>Valmistettu Englannissa<\/p>\n<ul>\n<li>Zaaron Holistic ALS Kana-Riisi 2kg\u00a0 16,50 \u20ac, 12kg 69\u20ac<\/li>\n<li>Zaaron Holistic Lammas-Riisi 2kg 19,90\u20ac, 12kg\u00a0 78,50 \u20ac<\/li>\n<li><span style=\"color: #ff0000;\"><span style=\"color: #000000;\">Zaaron Holistic Kala-Riisi 2kg 18,50\u20ac, 12kg\u00a0 73,50 \u20ac<\/span><br \/><\/span><\/li>\n<\/ul>\n<p style=\"text-align: center;\">Bonuskortilla joka 11. s\u00e4kki ILMAISEKSI<\/p>\n<p style=\"text-align: center;\">Zaaronista l\u00f6ytyy my\u00f6s ilmaisia n\u00e4ytepusseja,<br \/>tule hakemaan oma maistiaisesi!<\/p>\n<h3><a href=\"http:\/\/www.bestpremiums.fi\/index-cibau.html\" target=\"_blank\" rel=\"noopener\">CIBAU<\/a><\/h3>\n<p><a href=\"http:\/\/www.bestpremiums.fi\/index-cibau.html\"><img loading=\"lazy\" decoding=\"async\" class=\"wp-image-831 aligncenter\" src=\"http:\/\/kapylanelainkauppa.fi\/wp-content\/uploads\/cibau-sensitive-fish.jpg\" alt=\"\" width=\"185\" height=\"304\" \/><\/a>Valmistusmaa Italia.<br \/>Edullisempi maistuva laaturuoka.<br \/>Valikoimassa 800gr:n, 2,5kg:n ja 12kg:n pakkaukset mm.<\/p>\n<ul>\n<li>Adult Sensitive Kala-Riisi 12 kg 60\u20ac<\/li>\n<li>Adult Sensitive Lammas-Riisi 12 kg 61,50\u20ac<\/li>\n<li>Adult Maxi Breed 12 kg 52,90\u20ac<\/li>\n<\/ul>\n<p>Bonuskortilla joka 11. s\u00e4kki ILMAISEKSI!<\/p>\n<h3><a href=\"http:\/\/www.bestpremiums.fi\/n&amp;d-dog.html\" target=\"_blank\" rel=\"noopener\">N&amp;D<\/a><\/h3>\n<p><a href=\"http:\/\/www.bestpremiums.fi\/n&amp;d-dog.html\" target=\"_blank\" rel=\"noopener\"><img loading=\"lazy\" decoding=\"async\" class=\"wp-image-290 size-full aligncenter\" src=\"http:\/\/kapylanelainkauppa.fi\/wp-content\/uploads\/logo_nd.jpg\" alt=\"N&amp;D -ruokas\u00e4kit\" width=\"237\" height=\"260\" \/><\/a>Huippuruoka Italiasta, kuvalinkist\u00e4 lis\u00e4tietoa!<br \/>Eritt\u00e4in lihapitoinen ja t\u00e4ysin viljaton vaihtoehto.<br \/>Perusvalikoimassa 2,5kg:n ja 7kg:n pakkaukset mm.<\/p>\n<ul>\n<li>Peura 2,5kg tai 7kg<br \/>Bonuskortilla joka 11. s\u00e4kki ILMAISEKSI!<\/li>\n<\/ul>\n<h3><a href=\"http:\/\/www.goldeneaglepetfoods.fi\/\" target=\"_blank\" rel=\"noopener\">GOLDEN EAGLE Holistic Health<\/a><\/h3>\n<p><a href=\"http:\/\/www.goldeneaglepetfoods.fi\/\"><img loading=\"lazy\" decoding=\"async\" class=\"wp-image-833 aligncenter\" src=\"http:\/\/kapylanelainkauppa.fi\/wp-content\/uploads\/GE-Duck-203x300.jpg\" alt=\"\" width=\"250\" height=\"370\" srcset=\"https:\/\/www.kapylanelainkauppa.fi\/wp-content\/uploads\/GE-Duck-203x300.jpg 203w, https:\/\/www.kapylanelainkauppa.fi\/wp-content\/uploads\/GE-Duck.jpg 277w\" sizes=\"auto, (max-width: 250px) 100vw, 250px\" \/><\/a>Maailman ensimm\u00e4inen nutrigenominen ruokasarja.<br \/>Puhtaat, luonnolliset, ihmisravinnoksi soveltuvat raaka-aineet.<br \/>Valmistusmaa Iso-Britannia.<br \/>Valikoimassa 2kg:n, 6kg:n ja 10\/12kg:n pakkaukset mm.<\/p>\n<ul>\n<li>Holistic Large &amp; Giant Breed Adult 12kg 99,00 \u20ac<\/li>\n<li>Holistic Lammas &amp; Riisi 12 kg\u00a0 93,00 \u20ac<\/li>\n<li>Hypo-Allergenic Ankka-Peruna 10 kg 96,00 \u20ac<\/li>\n<li>Natural\u2019s Grain Free Kalkkuna-Bataatti 12kg 97,00 \u20ac<\/li>\n<\/ul>\n<p>Bonuskortilla joka 13. s\u00e4kki ILMAISEKSI!<\/p>\n<h3><a href=\"http:\/\/www.eukanuba.fi\/tuotteet\" target=\"_blank\" rel=\"noopener\">EUKANUBA<\/a><\/h3>\n<p><img loading=\"lazy\" decoding=\"async\" class=\"alignnone size-medium wp-image-2115\" src=\"http:\/\/www.kapylanelainkauppa.fi\/wp-content\/uploads\/Screenshot_20250327_111718_Chrome-176x300.jpg\" alt=\"\" width=\"176\" height=\"300\" srcset=\"https:\/\/www.kapylanelainkauppa.fi\/wp-content\/uploads\/Screenshot_20250327_111718_Chrome-176x300.jpg 176w, https:\/\/www.kapylanelainkauppa.fi\/wp-content\/uploads\/Screenshot_20250327_111718_Chrome-599x1024.jpg 599w, https:\/\/www.kapylanelainkauppa.fi\/wp-content\/uploads\/Screenshot_20250327_111718_Chrome.jpg 604w\" sizes=\"auto, (max-width: 176px) 100vw, 176px\" \/><\/p>\n<p>Perinteinen laatumerkki!<br \/>Merkin sis\u00e4ll\u00e4 eri sarjoja:<\/p>\n<ul>\n<li>Perussarja eri ik\u00e4vaiheisiin:\n<ul>\n<li>Medium Breed Adult 15 kg 77,90\u20ac<\/li>\n<li>Large Breed Adult lammas-riisi 12 kg 79,90\u20ac<\/li>\n<li>Senior Large Lammas-Riisi 12kg 79,90\u20ac<\/li>\n<\/ul>\n<\/li>\n<li>Daily Care-sarja, vaihtoehtoja eri tarpeisiin esim.\n<ul>\n<li>Sensitive Digestion, herk\u00e4lle ruoansulatukselle 12,5 kg 77,90 \u20ac<\/li>\n<li>Sensitive Joints, tehokas &#8221;nivelruoka&#8221;\u00a0 2,3kg 27,90\u20ac<\/li>\n<\/ul>\n<\/li>\n<\/ul>\n<p>S\u00e4hk\u00f6isell\u00e4 <a href=\"https:\/\/fi.bonuscard.com\/Account\/Login\">bonuskortilla<\/a> aina -10%!<\/p>\n<h3><a href=\"http:\/\/www.probooster.eu\">ProBooster<\/a><\/h3>\n<p><img loading=\"lazy\" decoding=\"async\" class=\"alignnone size-medium wp-image-2121\" src=\"http:\/\/www.kapylanelainkauppa.fi\/wp-content\/uploads\/Screenshot_20250318_112220_Chrome-1-188x300.jpg\" alt=\"\" width=\"188\" height=\"300\" srcset=\"https:\/\/www.kapylanelainkauppa.fi\/wp-content\/uploads\/Screenshot_20250318_112220_Chrome-1-188x300.jpg 188w, https:\/\/www.kapylanelainkauppa.fi\/wp-content\/uploads\/Screenshot_20250318_112220_Chrome-1-640x1024.jpg 640w, https:\/\/www.kapylanelainkauppa.fi\/wp-content\/uploads\/Screenshot_20250318_112220_Chrome-1.jpg 663w\" sizes=\"auto, (max-width: 188px) 100vw, 188px\" \/><\/p>\n<p>Uusin tulokas koiranruokahyllyss\u00e4mme.<br \/>Hieman edullisemman hintaluokan laaturuoka on ollut se, mit\u00e4 asiakkaat ovat toivoneet ja t\u00e4m\u00e4 vastaa toiveita.<\/p>\n<ul>\n<li>Adult Sensitive Lamb 3kg (19,90\u20ac) ja 12kg (58,90\u20ac)\u00a0<br \/>&#8211; Ainoana el\u00e4inproteiinil\u00e4hteen\u00e4 lammas, lis\u00e4n\u00e4 hyvin sulava riisi.<\/li>\n<li>Puppy Sensitive Lamb 2kg (16,90)<br \/>&#8211; Herkk\u00e4vatsaisten pentujen ruoka, lihal\u00e4hteen\u00e4 lammas.<\/li>\n<li>Adult Sensitive Salmon 2kg (16,90\u20ac)<br \/>&#8211; Lohta ja riisi\u00e4, maistuva herkkien koirien ruoka<\/li>\n<li>Adult Hypoallergenic Duck &amp; Potato 2kg (15,90\u20ac)<br \/>&#8211; Allergisille koirille, puhdas ankka-peruna. Ei muita proteiini- tai hiilihydraattil\u00e4hteit\u00e4.<\/li>\n<\/ul>\n<h3><a href=\"http:\/\/www.royalcanin.fi\/\" target=\"_blank\" rel=\"noopener\">ROYAL CANIN<\/a><\/h3>\n<p><a href=\"http:\/\/www.royalcanin.fi\/\"><img loading=\"lazy\" decoding=\"async\" class=\"wp-image-839 aligncenter\" src=\"http:\/\/kapylanelainkauppa.fi\/wp-content\/uploads\/rc-medium.jpg\" alt=\"\" width=\"185\" height=\"303\" \/><\/a>Perinteinen ja tunnettu merkki, usein erilaisia tarjouksia &amp; kamppiksia!<br \/>Eritt\u00e4in laaja valikoima, joka ei valitettavasti mahdu kokonaan myyntiin<br \/>Meill\u00e4 hyllyss\u00e4 l\u00e4hinn\u00e4 Mini-, ja Medium- sarjan tuotteita, tilauksesta toki muitakin.\u00a0<br \/><br \/><\/p>\n<ul>\n<li>Mini Puppy 2kg<\/li>\n<li>Mini Adult 2kg ja 4kg<\/li>\n<li>Mini Adult 8+\u00a0 2kg<\/li>\n<li>Mini Ageing 12+ 1,5kg<\/li>\n<li>Medium Puppy ja Adult 4kg<\/li>\n<li>Medium Ageing 10+ 15 kg\u00a0<\/li>\n<\/ul>\n<h3><a href=\"https:\/\/www.biofarm.fi\/content\/fi\/52\/707\/0\/0\/208\/Jeppe%20Kana-Kaura%2010%20kg.html\">JEPPE<\/a><\/h3>\n<p>Kotimainen!!!<img loading=\"lazy\" decoding=\"async\" class=\"wp-image-1701 aligncenter\" src=\"http:\/\/kapylanelainkauppa.fi\/wp-content\/uploads\/jeppe-kanakaura-300x300.jpeg\" alt=\"\" width=\"315\" height=\"315\" srcset=\"https:\/\/www.kapylanelainkauppa.fi\/wp-content\/uploads\/jeppe-kanakaura-300x300.jpeg 300w, https:\/\/www.kapylanelainkauppa.fi\/wp-content\/uploads\/jeppe-kanakaura-140x140.jpeg 140w, https:\/\/www.kapylanelainkauppa.fi\/wp-content\/uploads\/jeppe-kanakaura.jpeg 600w\" sizes=\"auto, (max-width: 315px) 100vw, 315px\" \/><br \/>Jeppe Kana-Kaura on maistuva, toimiva ja laadukas t\u00e4ysin suomalaisista raaka-aineista tehty koiranruoka.<br \/>Suomen johtaviin el\u00e4inten vitamiinivalmisteiden valmistajiin kuuluva Biofarm vahvasti mukana kehitysty\u00f6ss\u00e4 t\u00e4m\u00e4n ruoan kanssa.<\/p>\n<p>10kg s\u00e4kki 45\u20ac<br \/>Ollaan my\u00f6s pussitettu 700g ja 2kg kokeilupakkauksia t\u00e4st\u00e4.<\/p>\n<h3><a href=\"http:\/\/trovet.nl\/?taalID=2\" target=\"_blank\" rel=\"noopener\">TROVET<\/a><\/h3>\n<p><img loading=\"lazy\" decoding=\"async\" class=\"size-medium wp-image-851 aligncenter\" src=\"http:\/\/kapylanelainkauppa.fi\/wp-content\/uploads\/trovet-225x300.jpg\" alt=\"\" width=\"225\" height=\"300\" srcset=\"https:\/\/www.kapylanelainkauppa.fi\/wp-content\/uploads\/trovet-225x300.jpg 225w, https:\/\/www.kapylanelainkauppa.fi\/wp-content\/uploads\/trovet.jpg 320w\" sizes=\"auto, (max-width: 225px) 100vw, 225px\" \/><\/p>\n<p>Erikoisruoka allergisille ja erityistarpeisille koirille<\/p>\n<ul>\n<li>Peura-Peruna 3kg 34,90 \u20ac, 10kg 89,90 \u20ac<\/li>\n<li>Ankka-Peruna 3kg 31,90 \u20ac<\/li>\n<li>Hevonen-Peruna 3kg 33,90\u20ac, 10kg 84,90\u20ac<\/li>\n<\/ul>\n<h3>\u00a0<\/h3>\n<h3><a href=\"https:\/\/www.ziwipets.com\/fi\" target=\"_blank\" rel=\"noopener\">ZIWIPEAK<\/a><\/h3>\n<p><img loading=\"lazy\" decoding=\"async\" class=\"wp-image-852 aligncenter\" src=\"http:\/\/kapylanelainkauppa.fi\/wp-content\/uploads\/ziwi_2.5kg_venison_side_angle_web_low_res.jpg\" alt=\"\" width=\"232\" height=\"310\" \/>Erikoisuus Uudesta-Seelannista, linkist\u00e4 lis\u00e4tietoa!<br \/>Ilmakuivausmenetelm\u00e4ll\u00e4 pelk\u00e4st\u00e4 lihasta valmistettu t\u00e4ysravinto<br \/>Soveltuu eritt\u00e4in hyvin my\u00f6s makupalaksi.<br \/>Valikoimassa mm.<\/p>\n<ul>\n<li>Nauta 2,5 kg<\/li>\n<li>Peura 1 kg<\/li>\n<li>Lammas 5 kg<\/li>\n<li>Kana 454gr<\/li>\n<\/ul>\n\n\n<h2 class=\"wp-block-heading\"><\/h2>\n","protected":false},"excerpt":{"rendered":"<p>Koirien kuivaruokien valikoimamme on asiakkaidemme toiveesta laajentunut melkoisen kattavaksi. Hyllyst\u00e4mme l\u00f6ytyv\u00e4t vakituisesti alla olevat koirien kuivaruoat Tilaamalla on saatavana muitakin merkkej\u00e4.Lis\u00e4tietoa ruokamerkeist\u00e4 saat alla olevia logoja tai tuotemerkkien nimi\u00e4 klikkaamalla. Essential\u00a0 Huippuev\u00e4s Isosta-Britanniasta! ESSENTIALin lis\u00e4aineettoman ja viljattoman koiranruoan ainesosista yli 75 prosenttia sis\u00e4lt\u00e4\u00e4 prosessoimattomia ainesosia ja proteiininl\u00e4hteit\u00e4, kuten vapaana kasvatettua kanaa ja vapaana laiduntavia ankkaa,&hellip; <\/p>\n<p class=\"toivo-read-more\"><a href=\"https:\/\/www.kapylanelainkauppa.fi\/index.php\/tuotteet\/koirat\/koirien-ruoat\/koirien-kuivaruoat\/\" class=\"more-link\">Lue lis\u00e4\u00e4 <span class=\"screen-reader-text\">Koirien kuivaruoat<\/span><\/a><\/p>\n","protected":false},"author":1,"featured_media":0,"parent":8,"menu_order":10,"comment_status":"closed","ping_status":"closed","template":"","meta":{"footnotes":""},"class_list":{"0":"post-14","1":"page","2":"type-page","3":"status-publish","5":"entry"},"_links":{"self":[{"href":"https:\/\/www.kapylanelainkauppa.fi\/index.php\/wp-json\/wp\/v2\/pages\/14","targetHints":{"allow":["GET"]}}],"collection":[{"href":"https:\/\/www.kapylanelainkauppa.fi\/index.php\/wp-json\/wp\/v2\/pages"}],"about":[{"href":"https:\/\/www.kapylanelainkauppa.fi\/index.php\/wp-json\/wp\/v2\/types\/page"}],"author":[{"embeddable":true,"href":"https:\/\/www.kapylanelainkauppa.fi\/index.php\/wp-json\/wp\/v2\/users\/1"}],"replies":[{"embeddable":true,"href":"https:\/\/www.kapylanelainkauppa.fi\/index.php\/wp-json\/wp\/v2\/comments?post=14"}],"version-history":[{"count":65,"href":"https:\/\/www.kapylanelainkauppa.fi\/index.php\/wp-json\/wp\/v2\/pages\/14\/revisions"}],"predecessor-version":[{"id":2124,"href":"https:\/\/www.kapylanelainkauppa.fi\/index.php\/wp-json\/wp\/v2\/pages\/14\/revisions\/2124"}],"up":[{"embeddable":true,"href":"https:\/\/www.kapylanelainkauppa.fi\/index.php\/wp-json\/wp\/v2\/pages\/8"}],"wp:attachment":[{"href":"https:\/\/www.kapylanelainkauppa.fi\/index.php\/wp-json\/wp\/v2\/media?parent=14"}],"curies":[{"name":"wp","href":"https:\/\/api.w.org\/{rel}","templated":true}]}}