{"id":26,"date":"2016-12-02T07:19:05","date_gmt":"2016-12-02T07:19:05","guid":{"rendered":"http:\/\/elainkauppa.savipaja.net\/?page_id=26"},"modified":"2023-10-31T19:09:58","modified_gmt":"2023-10-31T17:09:58","slug":"koirien-lelut-ja-koulutustarvikkeet","status":"publish","type":"page","link":"https:\/\/www.kapylanelainkauppa.fi\/index.php\/tuotteet\/koirat\/koirien-lelut-ja-koulutustarvikkeet\/","title":{"rendered":"Koirien lelut ja koulutustarvikkeet"},"content":{"rendered":"<p><img loading=\"lazy\" decoding=\"async\" class=\"aligncenter wp-image-326 size-full\" src=\"http:\/\/kapylanelainkauppa.fi\/wp-content\/uploads\/koirakoulutus.jpg\" alt=\"\" width=\"707\" height=\"480\" srcset=\"https:\/\/www.kapylanelainkauppa.fi\/wp-content\/uploads\/koirakoulutus.jpg 707w, https:\/\/www.kapylanelainkauppa.fi\/wp-content\/uploads\/koirakoulutus-300x204.jpg 300w\" sizes=\"auto, (max-width: 707px) 100vw, 707px\" \/><\/p>\n<h5 style=\"text-align: center;\"><strong>T\u00e4ydennyst\u00e4 tulossa! Sivu viel\u00e4 ty\u00f6n alla. \ud83d\ude42<\/strong><\/h5>\n<h5 style=\"text-align: center;\">Pehmolelut<\/h5>\n<p><img loading=\"lazy\" decoding=\"async\" class=\"wp-image-1050 aligncenter\" src=\"http:\/\/kapylanelainkauppa.fi\/wp-content\/uploads\/pehmolelut.jpg\" alt=\"\" width=\"224\" height=\"224\" srcset=\"https:\/\/www.kapylanelainkauppa.fi\/wp-content\/uploads\/pehmolelut.jpg 200w, https:\/\/www.kapylanelainkauppa.fi\/wp-content\/uploads\/pehmolelut-140x140.jpg 140w\" sizes=\"auto, (max-width: 224px) 100vw, 224px\" \/><\/p>\n<h5 style=\"text-align: center;\">Treenilelut<\/h5>\n<p><img loading=\"lazy\" decoding=\"async\" class=\" wp-image-1054 aligncenter\" src=\"http:\/\/kapylanelainkauppa.fi\/wp-content\/uploads\/treenilelut.jpg\" alt=\"\" width=\"225\" height=\"225\" srcset=\"https:\/\/www.kapylanelainkauppa.fi\/wp-content\/uploads\/treenilelut.jpg 200w, https:\/\/www.kapylanelainkauppa.fi\/wp-content\/uploads\/treenilelut-140x140.jpg 140w\" sizes=\"auto, (max-width: 225px) 100vw, 225px\" \/><\/p>\n<h5 style=\"text-align: center;\">Aktivointilelut<\/h5>\n<p><img loading=\"lazy\" decoding=\"async\" class=\"wp-image-1078 aligncenter\" src=\"http:\/\/kapylanelainkauppa.fi\/wp-content\/uploads\/Lelut-aktivointi.jpg\" alt=\"\" width=\"319\" height=\"239\" \/><\/p>\n<h5 style=\"text-align: center;\">Kelluvat lelut<\/h5>\n<p><img loading=\"lazy\" decoding=\"async\" class=\"wp-image-1065 aligncenter\" src=\"http:\/\/kapylanelainkauppa.fi\/wp-content\/uploads\/lelut-kelluvat.jpg\" alt=\"\" width=\"272\" height=\"397\" \/><\/p>\n<h5 style=\"text-align: center;\">Vinkuvat Latexlelut<\/h5>\n<p><img loading=\"lazy\" decoding=\"async\" class=\" wp-image-1069 aligncenter\" style=\"font-size: 1rem;\" src=\"http:\/\/kapylanelainkauppa.fi\/wp-content\/uploads\/lelut-latex-1-292x300.jpg\" alt=\"\" width=\"283\" height=\"291\" srcset=\"https:\/\/www.kapylanelainkauppa.fi\/wp-content\/uploads\/lelut-latex-1-292x300.jpg 292w, https:\/\/www.kapylanelainkauppa.fi\/wp-content\/uploads\/lelut-latex-1.jpg 739w\" sizes=\"auto, (max-width: 283px) 100vw, 283px\" \/><\/p>\n<h5 style=\"text-align: center;\">Kest\u00e4v\u00e4t T\u00e4yskumilelut<\/h5>\n<p><img loading=\"lazy\" decoding=\"async\" class=\"wp-image-1053 aligncenter\" src=\"http:\/\/kapylanelainkauppa.fi\/wp-content\/uploads\/Boomer2-300x200.jpg\" alt=\"\" width=\"285\" height=\"190\" srcset=\"https:\/\/www.kapylanelainkauppa.fi\/wp-content\/uploads\/Boomer2-300x200.jpg 300w, https:\/\/www.kapylanelainkauppa.fi\/wp-content\/uploads\/Boomer2.jpg 759w\" sizes=\"auto, (max-width: 285px) 100vw, 285px\" \/><\/p>\n<p><img loading=\"lazy\" decoding=\"async\" class=\"wp-image-1052 aligncenter\" src=\"http:\/\/kapylanelainkauppa.fi\/wp-content\/uploads\/Boomer1-300x214.jpg\" alt=\"\" width=\"285\" height=\"203\" srcset=\"https:\/\/www.kapylanelainkauppa.fi\/wp-content\/uploads\/Boomer1-300x214.jpg 300w, https:\/\/www.kapylanelainkauppa.fi\/wp-content\/uploads\/Boomer1.jpg 764w\" sizes=\"auto, (max-width: 285px) 100vw, 285px\" \/><\/p>\n","protected":false},"excerpt":{"rendered":"<p>T\u00e4ydennyst\u00e4 tulossa! Sivu viel\u00e4 ty\u00f6n alla. \ud83d\ude42 Pehmolelut Treenilelut Aktivointilelut Kelluvat lelut Vinkuvat Latexlelut Kest\u00e4v\u00e4t T\u00e4yskumilelut<\/p>\n","protected":false},"author":1,"featured_media":0,"parent":7,"menu_order":10,"comment_status":"closed","ping_status":"closed","template":"","meta":{"footnotes":""},"class_list":{"0":"post-26","1":"page","2":"type-page","3":"status-publish","5":"entry"},"_links":{"self":[{"href":"https:\/\/www.kapylanelainkauppa.fi\/index.php\/wp-json\/wp\/v2\/pages\/26","targetHints":{"allow":["GET"]}}],"collection":[{"href":"https:\/\/www.kapylanelainkauppa.fi\/index.php\/wp-json\/wp\/v2\/pages"}],"about":[{"href":"https:\/\/www.kapylanelainkauppa.fi\/index.php\/wp-json\/wp\/v2\/types\/page"}],"author":[{"embeddable":true,"href":"https:\/\/www.kapylanelainkauppa.fi\/index.php\/wp-json\/wp\/v2\/users\/1"}],"replies":[{"embeddable":true,"href":"https:\/\/www.kapylanelainkauppa.fi\/index.php\/wp-json\/wp\/v2\/comments?post=26"}],"version-history":[{"count":10,"href":"https:\/\/www.kapylanelainkauppa.fi\/index.php\/wp-json\/wp\/v2\/pages\/26\/revisions"}],"predecessor-version":[{"id":1980,"href":"https:\/\/www.kapylanelainkauppa.fi\/index.php\/wp-json\/wp\/v2\/pages\/26\/revisions\/1980"}],"up":[{"embeddable":true,"href":"https:\/\/www.kapylanelainkauppa.fi\/index.php\/wp-json\/wp\/v2\/pages\/7"}],"wp:attachment":[{"href":"https:\/\/www.kapylanelainkauppa.fi\/index.php\/wp-json\/wp\/v2\/media?parent=26"}],"curies":[{"name":"wp","href":"https:\/\/api.w.org\/{rel}","templated":true}]}}