{"id":28,"date":"2016-12-02T07:29:41","date_gmt":"2016-12-02T07:29:41","guid":{"rendered":"http:\/\/elainkauppa.savipaja.net\/?page_id=28"},"modified":"2023-10-31T19:14:41","modified_gmt":"2023-10-31T17:14:41","slug":"koirien-vaatteet","status":"publish","type":"page","link":"https:\/\/www.kapylanelainkauppa.fi\/index.php\/tuotteet\/koirat\/koirien-vaatteet\/","title":{"rendered":"Koirien vaatteet"},"content":{"rendered":"<h5 style=\"text-align: center;\">Erilaisia koirien vaatteita meilt\u00e4 l\u00f6ytyy valtavasti. On paljon pientoimittajien tuotteita, hajakokoja poistuneista sarjoista, mutta my\u00f6s Hurttaa koko valikoimalla&#8230;<br \/>\nVaateostoksille on parasta tulla itse k\u00e4ytt\u00e4j\u00e4n kanssa, koska on jo koiran liikkuvuudenkin kannalta t\u00e4rke\u00e4\u00e4, ett\u00e4 tulee hankittua varmasti oikean kokoinen vaate!<\/h5>\n<p style=\"text-align: center;\"><strong>T\u00c4M\u00c4N SIVUN P\u00c4IVITYS VIEL\u00c4 KESKEN.<br \/>\n<\/strong><strong> KYSY TAI PIIPAHDA LIIKKEESS\u00c4MME TSEKKAAMASSA T\u00c4M\u00c4N HETKEN TARJONTA \ud83d\ude09<\/strong><\/p>\n<h5><\/h5>\n<h3>TALVIVAATTEET:<\/h3>\n<h4 style=\"text-align: center;\"><strong>TOPCANIS &#8211; WARMHOW<\/strong>-TALVIPUKU<\/h4>\n<p>N\u00e4m\u00e4 loput -30% alennuksessa!<\/p>\n<h4><img decoding=\"async\" src=\"http:\/\/www.kapylanelainkauppa.fi\/qyy_takki_pallo_pieni.jpg\" alt=\"\" \/><img loading=\"lazy\" decoding=\"async\" class=\"size-medium wp-image-1282 aligncenter\" src=\"http:\/\/kapylanelainkauppa.fi\/wp-content\/uploads\/qyy_takki_leikki_pieni-300x223.jpg\" alt=\"\" width=\"300\" height=\"223\" srcset=\"https:\/\/www.kapylanelainkauppa.fi\/wp-content\/uploads\/qyy_takki_leikki_pieni-300x223.jpg 300w, https:\/\/www.kapylanelainkauppa.fi\/wp-content\/uploads\/qyy_takki_leikki_pieni.jpg 892w\" sizes=\"auto, (max-width: 300px) 100vw, 300px\" \/><\/h4>\n<ul>\n<li>Kaksiosainen puku antaa koiralle todella hyvin liikkumavapautta, joten sopii hyvin esim. urheilukoirien k\u00e4ytt\u00f6\u00f6n talvikaudella.<\/li>\n<li>Takeissa 14 eri kokovaihtoehtoa, my\u00f6s &#8221;m\u00e4yr\u00e4koiramalli&#8221;<br \/>\nHinnat alkaen 39 \u20ac<\/li>\n<li>Housuissa 9 eri kokoa<br \/>\nHinnat alkaen 39 \u20ac<\/li>\n<\/ul>\n<h4 style=\"text-align: center;\"><a href=\"https:\/\/www.hurtta.com\/fi_fi\/catalogsearch\/result\/?q=mantteli\">HURTTA-TALVIMANTTELI<\/a><\/h4>\n<h4><img loading=\"lazy\" decoding=\"async\" class=\"wp-image-1142 alignleft\" src=\"http:\/\/kapylanelainkauppa.fi\/wp-content\/uploads\/hurtta_pro_talvimantteli-300x197.jpg\" alt=\"\" width=\"270\" height=\"177\" srcset=\"https:\/\/www.kapylanelainkauppa.fi\/wp-content\/uploads\/hurtta_pro_talvimantteli-300x197.jpg 300w, https:\/\/www.kapylanelainkauppa.fi\/wp-content\/uploads\/hurtta_pro_talvimantteli.jpg 348w\" sizes=\"auto, (max-width: 270px) 100vw, 270px\" \/><\/h4>\n<p><img loading=\"lazy\" decoding=\"async\" class=\"size-full wp-image-1531 alignright\" src=\"http:\/\/kapylanelainkauppa.fi\/wp-content\/uploads\/takki-hurtta-pro.jpg\" alt=\"\" width=\"200\" height=\"200\" srcset=\"https:\/\/www.kapylanelainkauppa.fi\/wp-content\/uploads\/takki-hurtta-pro.jpg 200w, https:\/\/www.kapylanelainkauppa.fi\/wp-content\/uploads\/takki-hurtta-pro-140x140.jpg 140w\" sizes=\"auto, (max-width: 200px) 100vw, 200px\" \/><\/p>\n<h4><img decoding=\"async\" src=\"http:\/\/www.kapylanelainkauppa.fi\/hurtta_pro_talvimantteli.jpg\" alt=\"\" \/><\/h4>\n<ul>\n<li>\u00a0Hurtan uudet ihanan l\u00e4mpim\u00e4t Expedition Talvimanttelit, koot 25-65cm, 5cm v\u00e4lein.<br \/>\nLis\u00e4ksi n\u00e4iss\u00e4 oma mallinsa XL Bulldog-tyyppisille ja XS kapeille tai m\u00e4yr\u00e4koirille.<\/li>\n<li>Hurtta Extreme Warmer Talvimantteli erikoisl\u00e4mmitt\u00e4v\u00e4ll\u00e4 vuorella.<\/li>\n<li>Vanhan PRO Outdoors-Malliston v\u00e4rit musta, punainen, sininen ja ruskea.<br \/>\nKoko m\u00e4\u00e4rittyy koiran sel\u00e4n pituuden mukaan (cm), vaihtoehtoina 24\u00a0 \/ 55 \/ 60 \/ 70 \/ 75 , n\u00e4ist\u00e4 ihan muutamia kokoja j\u00e4ljell\u00e4<br \/>\n<img loading=\"lazy\" decoding=\"async\" class=\"size-full wp-image-1535 alignright\" src=\"http:\/\/kapylanelainkauppa.fi\/wp-content\/uploads\/takki-hurtta-ultimate.jpg\" alt=\"\" width=\"200\" height=\"200\" srcset=\"https:\/\/www.kapylanelainkauppa.fi\/wp-content\/uploads\/takki-hurtta-ultimate.jpg 200w, https:\/\/www.kapylanelainkauppa.fi\/wp-content\/uploads\/takki-hurtta-ultimate-140x140.jpg 140w\" sizes=\"auto, (max-width: 200px) 100vw, 200px\" \/><\/li>\n<li>Ultimate Outdoors- Talvimantteli<br \/>\nHoikemman \/ pitk\u00e4selk\u00e4isen malli<br \/>\n<img loading=\"lazy\" decoding=\"async\" class=\"size-full wp-image-1536 alignright\" src=\"http:\/\/kapylanelainkauppa.fi\/wp-content\/uploads\/takki-hurtta-summit.jpg\" alt=\"\" width=\"200\" height=\"200\" srcset=\"https:\/\/www.kapylanelainkauppa.fi\/wp-content\/uploads\/takki-hurtta-summit.jpg 200w, https:\/\/www.kapylanelainkauppa.fi\/wp-content\/uploads\/takki-hurtta-summit-140x140.jpg 140w\" sizes=\"auto, (max-width: 200px) 100vw, 200px\" \/><\/li>\n<\/ul>\n<h4><\/h4>\n<h4><\/h4>\n<h4 style=\"text-align: center;\"><a href=\"https:\/\/fi-fi.facebook.com\/roiti.design\/\">ROITI<\/a>-MANTTELIT<\/h4>\n<ul>\n<li>\u00a0Hyv\u00e4 istuvuus, vedenpit\u00e4v\u00e4 p\u00e4\u00e4llikangas, keraaminen Meida-vuori, joka heijastaa l\u00e4mp\u00f6\u00e4 takaisin eli kylm\u00e4ll\u00e4 l\u00e4mmitt\u00e4\u00e4 ja kuumalla hieman viilent\u00e4\u00e4 kehoa optimil\u00e4mp\u00f6tilaan\u00a0<span class=\"_47e3 _5mfr\" title=\"Hymi\u00f6 smile\"><img loading=\"lazy\" decoding=\"async\" class=\"img\" role=\"presentation\" src=\"https:\/\/static.xx.fbcdn.net\/images\/emoji.php\/v9\/f4c\/1\/16\/1f642.png\" alt=\"\" width=\"16\" height=\"16\" \/><\/span><\/li>\n<li>Koot 35, 40, 45, 50, 55, 60 ja 65cm<\/li>\n<\/ul>\n<p><img loading=\"lazy\" decoding=\"async\" class=\"alignnone size-medium wp-image-1075\" src=\"http:\/\/kapylanelainkauppa.fi\/wp-content\/uploads\/roiti-1-300x225.jpg\" alt=\"\" width=\"300\" height=\"225\" srcset=\"https:\/\/www.kapylanelainkauppa.fi\/wp-content\/uploads\/roiti-1-300x225.jpg 300w, https:\/\/www.kapylanelainkauppa.fi\/wp-content\/uploads\/roiti-1.jpg 445w\" sizes=\"auto, (max-width: 300px) 100vw, 300px\" \/><\/p>\n<h4 style=\"text-align: center;\">NIZZA-TALVIMANTTELI<\/h4>\n<p><big><img loading=\"lazy\" decoding=\"async\" class=\"size-medium wp-image-1202 aligncenter\" src=\"http:\/\/kapylanelainkauppa.fi\/wp-content\/uploads\/koiranvaate_puuma-300x193.jpg\" alt=\"\" width=\"300\" height=\"193\" srcset=\"https:\/\/www.kapylanelainkauppa.fi\/wp-content\/uploads\/koiranvaate_puuma-300x193.jpg 300w, https:\/\/www.kapylanelainkauppa.fi\/wp-content\/uploads\/koiranvaate_puuma.jpg 914w\" sizes=\"auto, (max-width: 300px) 100vw, 300px\" \/><\/big><\/p>\n<ul>\n<li>V\u00e4ri musta- oranssi<\/li>\n<li>Paksu toppavuori<\/li>\n<li>Koot 50, 55 ,60, 70 ja\u00a0 80 cm<\/li>\n<li>Sopii erityisesti hoikille ja pitk\u00e4selk\u00e4isille koirille (tai kissoille&#8230; \ud83d\ude09 )<\/li>\n<li>Edullinen, hinnat alkaen 29,50 \u20ac<\/li>\n<\/ul>\n<h4 style=\"text-align: center;\"><strong><br \/>\nG&amp;E<\/strong> Erikoismantteli Bulldogeille<\/h4>\n<h4 style=\"text-align: center;\"><strong>NUFF<\/strong>-Manttelit<\/h4>\n<h4 style=\"text-align: center;\"><img loading=\"lazy\" decoding=\"async\" class=\"size-full wp-image-1538 aligncenter\" src=\"http:\/\/kapylanelainkauppa.fi\/wp-content\/uploads\/takki-nuff.jpg\" alt=\"\" width=\"200\" height=\"200\" srcset=\"https:\/\/www.kapylanelainkauppa.fi\/wp-content\/uploads\/takki-nuff.jpg 200w, https:\/\/www.kapylanelainkauppa.fi\/wp-content\/uploads\/takki-nuff-140x140.jpg 140w\" sizes=\"auto, (max-width: 200px) 100vw, 200px\" \/><\/h4>\n<h4 style=\"text-align: center;\"><a href=\"https:\/\/www.hurtta.com\/fi_fi\/catalogsearch\/result\/?q=fleece\">HURTTA-FLEECEHAALARIT<\/a><\/h4>\n<ul>\n<li><img loading=\"lazy\" decoding=\"async\" class=\"size-medium wp-image-1201 alignright\" src=\"http:\/\/kapylanelainkauppa.fi\/wp-content\/uploads\/koirantakkisnautseri-240x300.jpg\" alt=\"\" width=\"240\" height=\"300\" srcset=\"https:\/\/www.kapylanelainkauppa.fi\/wp-content\/uploads\/koirantakkisnautseri-240x300.jpg 240w, https:\/\/www.kapylanelainkauppa.fi\/wp-content\/uploads\/koirantakkisnautseri.jpg 408w\" sizes=\"auto, (max-width: 240px) 100vw, 240px\" \/>Hurtan &#8221;vanhaa mallistoa&#8221;<\/li>\n<li>L\u00e4mmin fleecehaalari, joka sopii my\u00f6s Hurtta-sadehaalarin alle<\/li>\n<li>V\u00e4rit musta ja punainen<\/li>\n<li>Joitain kokoja j\u00e4ljell\u00e4&#8230;<\/li>\n<\/ul>\n<h4 style=\"text-align: center;\">HURTTA-PRO VEDENPIT\u00c4V\u00c4 FLEECEHAALARI JA PUSAKKA<\/h4>\n<ul>\n<li><img decoding=\"async\" src=\"http:\/\/www.kapylanelainkauppa.fi\/koiranvaatteet_hurttafleecehaalari.jpg\" alt=\"\" \/><img loading=\"lazy\" decoding=\"async\" class=\"size-medium wp-image-1208 alignright\" src=\"http:\/\/kapylanelainkauppa.fi\/wp-content\/uploads\/koiranvaatteet_hurttafleecehaalari-300x197.jpg\" alt=\"\" width=\"300\" height=\"197\" srcset=\"https:\/\/www.kapylanelainkauppa.fi\/wp-content\/uploads\/koiranvaatteet_hurttafleecehaalari-300x197.jpg 300w, https:\/\/www.kapylanelainkauppa.fi\/wp-content\/uploads\/koiranvaatteet_hurttafleecehaalari.jpg 348w\" sizes=\"auto, (max-width: 300px) 100vw, 300px\" \/>N\u00e4it\u00e4 l\u00f6ytyy viel\u00e4 muutamia kappaleita ruskeaa haalaria, pusakkaa l\u00f6ytyy oranssina ja ruskeana<\/li>\n<\/ul>\n<h3>SADEVAATTEET:<\/h3>\n<ul>\n<li>ROITI-Sademanttelit<br \/>\n35, 40, 45, 50, 55, 60, 65cm<\/li>\n<li>Hurtta UUTUUS Monsoon Coat<\/li>\n<li>Hurtta UUTUUS Rain Blocker, etujaloille lahkeet<\/li>\n<li>Hurtta Torrent sadetakki\u00a0 \u00a0<img loading=\"lazy\" decoding=\"async\" class=\"size-full wp-image-1533 alignright\" src=\"http:\/\/kapylanelainkauppa.fi\/wp-content\/uploads\/takki-hurtta-sadetakki-pinkki.jpg\" alt=\"\" width=\"200\" height=\"200\" srcset=\"https:\/\/www.kapylanelainkauppa.fi\/wp-content\/uploads\/takki-hurtta-sadetakki-pinkki.jpg 200w, https:\/\/www.kapylanelainkauppa.fi\/wp-content\/uploads\/takki-hurtta-sadetakki-pinkki-140x140.jpg 140w\" sizes=\"auto, (max-width: 200px) 100vw, 200px\" \/><\/li>\n<li>Hurtta Pro-sademanttelit, jokunen koko j\u00e4ljell\u00e4<img loading=\"lazy\" decoding=\"async\" class=\"size-full wp-image-1532 alignright\" src=\"http:\/\/kapylanelainkauppa.fi\/wp-content\/uploads\/haalari-hurtta-pro.jpg\" alt=\"\" width=\"200\" height=\"200\" srcset=\"https:\/\/www.kapylanelainkauppa.fi\/wp-content\/uploads\/haalari-hurtta-pro.jpg 200w, https:\/\/www.kapylanelainkauppa.fi\/wp-content\/uploads\/haalari-hurtta-pro-140x140.jpg 140w\" sizes=\"auto, (max-width: 200px) 100vw, 200px\" \/><\/li>\n<li>Hurtta-sadehaalarit<\/li>\n<li>Hurtta Lifeguard- sadeloimi, jokunen koko j\u00e4ljell\u00e4<\/li>\n<li>Hurtan vanhat Ulkoiluhaalarit, n\u00e4m\u00e4 loput -30% ALESSA! kts.\u00a0<a href=\"http:\/\/kapylanelainkauppa.fi\/index.php\/linkit\/\">L\u00f6yt\u00f6nurkka<\/a><\/li>\n<\/ul>\n<p><img loading=\"lazy\" decoding=\"async\" class=\" wp-image-1556 alignnone\" src=\"http:\/\/kapylanelainkauppa.fi\/wp-content\/uploads\/Hurtta-haalari-300x253.jpg\" alt=\"\" width=\"277\" height=\"234\" srcset=\"https:\/\/www.kapylanelainkauppa.fi\/wp-content\/uploads\/Hurtta-haalari-300x253.jpg 300w, https:\/\/www.kapylanelainkauppa.fi\/wp-content\/uploads\/Hurtta-haalari.jpg 1191w\" sizes=\"auto, (max-width: 277px) 100vw, 277px\" \/><\/p>\n<ul>\n<li>Joitain vanhoja kumipintaisia sadehaalareita -40% ALESSA, kts. <a href=\"http:\/\/kapylanelainkauppa.fi\/index.php\/linkit\/\">L\u00f6yt\u00f6nurkka-tuotteet<\/a>!<\/li>\n<\/ul>\n<h3>VILLAPAIDAT:<\/h3>\n<ul>\n<li><big><big><a href=\"http:\/\/www.hurttacollection.com\/?gclid=CM_ws9nU3JgCFRhJtAodfV3Gbw\" target=\"_blank\" rel=\"noopener\"><img decoding=\"async\" src=\"http:\/\/www.kapylanelainkauppa.fi\/koiranvaatevillapaita.jpg\" alt=\"\" \/><img loading=\"lazy\" decoding=\"async\" class=\"size-medium wp-image-1207 alignright\" src=\"http:\/\/kapylanelainkauppa.fi\/wp-content\/uploads\/koiranvaatevillapaita-300x203.jpg\" alt=\"\" width=\"300\" height=\"203\" srcset=\"https:\/\/www.kapylanelainkauppa.fi\/wp-content\/uploads\/koiranvaatevillapaita-300x203.jpg 300w, https:\/\/www.kapylanelainkauppa.fi\/wp-content\/uploads\/koiranvaatevillapaita.jpg 654w\" sizes=\"auto, (max-width: 300px) 100vw, 300px\" \/><\/a><\/big><\/big>Kotimaista k\u00e4sity\u00f6t\u00e4, Novitan 7-veljest\u00e4 villalangasta.<\/li>\n<li>Herkulliset v\u00e4rivaihtoehdot<\/li>\n<li>Koot l\u00e4hinn\u00e4 pienille koirille sek\u00e4 oma mallinsa m\u00e4yr\u00e4koirille.<\/li>\n<\/ul>\n<h3>COLLEGE-HUPPARIT:<\/h3>\n<p>Kysy valikoimasta liikkeess\u00e4.<\/p>\n<h3>SUOJATOSSUT:\u00a0<img loading=\"lazy\" decoding=\"async\" class=\"wp-image-1076 alignright\" src=\"http:\/\/kapylanelainkauppa.fi\/wp-content\/uploads\/tossut-1.jpg\" alt=\"\" width=\"305\" height=\"233\" \/><\/h3>\n<ul>\n<li>Finneron Halla-Fleezetossut kaikki koot.<\/li>\n<li>Finneron Halla-Lux- kumipohjalla<\/li>\n<li>Finneron Kura-Suojatossut<\/li>\n<li>Non-Stop Ptotector Bootie, viiltosuoja-kumitossut<\/li>\n<li>Jarrusukat koirille<\/li>\n<li>Lis\u00e4ksi runsaasti muita hajakokoja eri merkkisist\u00e4 tossuista<\/li>\n<\/ul>\n<h3>PELASTUS- JA HUOMIOLIIVIT:<\/h3>\n<p>Kysy valikoimasta liikkeess\u00e4.<\/p>\n<h3>JUOKSUHOUSUT JA UROSP\u00d6KSYT:<\/h3>\n<ul>\n<li>Beltik<\/li>\n<li>Janutex<\/li>\n<li>Hurtta<\/li>\n<li>TopCanis<\/li>\n<\/ul>\n","protected":false},"excerpt":{"rendered":"<p>Erilaisia koirien vaatteita meilt\u00e4 l\u00f6ytyy valtavasti. On paljon pientoimittajien tuotteita, hajakokoja poistuneista sarjoista, mutta my\u00f6s Hurttaa koko valikoimalla&#8230; Vaateostoksille on parasta tulla itse k\u00e4ytt\u00e4j\u00e4n kanssa, koska on jo koiran liikkuvuudenkin kannalta t\u00e4rke\u00e4\u00e4, ett\u00e4 tulee hankittua varmasti oikean kokoinen vaate! T\u00c4M\u00c4N SIVUN P\u00c4IVITYS VIEL\u00c4 KESKEN. KYSY TAI PIIPAHDA LIIKKEESS\u00c4MME TSEKKAAMASSA T\u00c4M\u00c4N HETKEN TARJONTA \ud83d\ude09 TALVIVAATTEET: TOPCANIS&hellip; <\/p>\n<p class=\"toivo-read-more\"><a href=\"https:\/\/www.kapylanelainkauppa.fi\/index.php\/tuotteet\/koirat\/koirien-vaatteet\/\" class=\"more-link\">Lue lis\u00e4\u00e4 <span class=\"screen-reader-text\">Koirien vaatteet<\/span><\/a><\/p>\n","protected":false},"author":1,"featured_media":0,"parent":7,"menu_order":20,"comment_status":"closed","ping_status":"closed","template":"","meta":{"footnotes":""},"class_list":{"0":"post-28","1":"page","2":"type-page","3":"status-publish","5":"entry"},"_links":{"self":[{"href":"https:\/\/www.kapylanelainkauppa.fi\/index.php\/wp-json\/wp\/v2\/pages\/28","targetHints":{"allow":["GET"]}}],"collection":[{"href":"https:\/\/www.kapylanelainkauppa.fi\/index.php\/wp-json\/wp\/v2\/pages"}],"about":[{"href":"https:\/\/www.kapylanelainkauppa.fi\/index.php\/wp-json\/wp\/v2\/types\/page"}],"author":[{"embeddable":true,"href":"https:\/\/www.kapylanelainkauppa.fi\/index.php\/wp-json\/wp\/v2\/users\/1"}],"replies":[{"embeddable":true,"href":"https:\/\/www.kapylanelainkauppa.fi\/index.php\/wp-json\/wp\/v2\/comments?post=28"}],"version-history":[{"count":28,"href":"https:\/\/www.kapylanelainkauppa.fi\/index.php\/wp-json\/wp\/v2\/pages\/28\/revisions"}],"predecessor-version":[{"id":1989,"href":"https:\/\/www.kapylanelainkauppa.fi\/index.php\/wp-json\/wp\/v2\/pages\/28\/revisions\/1989"}],"up":[{"embeddable":true,"href":"https:\/\/www.kapylanelainkauppa.fi\/index.php\/wp-json\/wp\/v2\/pages\/7"}],"wp:attachment":[{"href":"https:\/\/www.kapylanelainkauppa.fi\/index.php\/wp-json\/wp\/v2\/media?parent=28"}],"curies":[{"name":"wp","href":"https:\/\/api.w.org\/{rel}","templated":true}]}}