{"id":444,"date":"2017-10-04T15:22:14","date_gmt":"2017-10-04T12:22:14","guid":{"rendered":"http:\/\/kapylanelainkauppa.online.fi\/?page_id=444"},"modified":"2026-01-15T11:25:20","modified_gmt":"2026-01-15T09:25:20","slug":"yhteystiedot","status":"publish","type":"page","link":"https:\/\/www.kapylanelainkauppa.fi\/index.php\/yhteystiedot\/","title":{"rendered":"Yhteystiedot"},"content":{"rendered":"<h6 style=\"text-align: center;\">Myym\u00e4l\u00e4n osoite on Pohjolankatu 1, 00610 Helsinki<\/h6>\n<p><iframe loading=\"lazy\" style=\"border: 0;\" src=\"https:\/\/www.google.com\/maps\/embed?pb=!1m18!1m12!1m3!1d1982.0194909829077!2d24.941982516393868!3d60.21350828197693!2m3!1f0!2f0!3f0!3m2!1i1024!2i768!4f13.1!3m3!1m2!1s0x469209be6025a645%3A0xb0aa5d3bf74d4f27!2sPohjolankatu+1%2C+00610+Helsinki!5e0!3m2!1sfi!2sfi!4v1518469660149\" width=\"600\" height=\"450\" frameborder=\"0\" allowfullscreen=\"allowfullscreen\"><\/iframe><\/p>\n<p>Kaupan talo on vaaleanpunainen vanha kaareva kerrostalo risteyksess\u00e4 Tuusulantien p\u00e4\u00e4ss\u00e4, miss\u00e4 tie muuttuu M\u00e4kel\u00e4nkaduksi. K\u00e4pyl\u00e4n Shell on risteyksen toisella puolella.<\/p>\n<h6 style=\"text-align: center;\">Puhelin: 09 757 33 07<br \/>\nTai 050 4755616<\/h6>\n<h6 style=\"text-align: center;\">S\u00e4hk\u00f6posti: myynti@kapylanelainkauppa.fi<\/h6>\n<h6 style=\"text-align: center;\">Aukioloajat: Arkisin 10.00 &#8211; 18.00, lauantaisin 10.00 &#8211; 14.00.<br \/>\nPoikkeusaukioloajat ilmoitamme somekanavillamme.<\/h6>\n<h6 style=\"text-align: center;\">L\u00f6yd\u00e4t meid\u00e4t Facebookista ja Instagramista!<\/h6>\n<h6><\/h6>\n","protected":false},"excerpt":{"rendered":"<p>Myym\u00e4l\u00e4n osoite on Pohjolankatu 1, 00610 Helsinki Kaupan talo on vaaleanpunainen vanha kaareva kerrostalo risteyksess\u00e4 Tuusulantien p\u00e4\u00e4ss\u00e4, miss\u00e4 tie muuttuu M\u00e4kel\u00e4nkaduksi. K\u00e4pyl\u00e4n Shell on risteyksen toisella puolella. Puhelin: 09 757 33 07 Tai 050 4755616 S\u00e4hk\u00f6posti: myynti@kapylanelainkauppa.fi Aukioloajat: Arkisin 10.00 &#8211; 18.00, lauantaisin 10.00 &#8211; 14.00. Poikkeusaukioloajat ilmoitamme somekanavillamme. L\u00f6yd\u00e4t meid\u00e4t Facebookista ja Instagramista!<\/p>\n","protected":false},"author":1,"featured_media":0,"parent":0,"menu_order":0,"comment_status":"closed","ping_status":"closed","template":"","meta":{"footnotes":""},"class_list":{"0":"post-444","1":"page","2":"type-page","3":"status-publish","5":"entry"},"_links":{"self":[{"href":"https:\/\/www.kapylanelainkauppa.fi\/index.php\/wp-json\/wp\/v2\/pages\/444","targetHints":{"allow":["GET"]}}],"collection":[{"href":"https:\/\/www.kapylanelainkauppa.fi\/index.php\/wp-json\/wp\/v2\/pages"}],"about":[{"href":"https:\/\/www.kapylanelainkauppa.fi\/index.php\/wp-json\/wp\/v2\/types\/page"}],"author":[{"embeddable":true,"href":"https:\/\/www.kapylanelainkauppa.fi\/index.php\/wp-json\/wp\/v2\/users\/1"}],"replies":[{"embeddable":true,"href":"https:\/\/www.kapylanelainkauppa.fi\/index.php\/wp-json\/wp\/v2\/comments?post=444"}],"version-history":[{"count":10,"href":"https:\/\/www.kapylanelainkauppa.fi\/index.php\/wp-json\/wp\/v2\/pages\/444\/revisions"}],"predecessor-version":[{"id":2217,"href":"https:\/\/www.kapylanelainkauppa.fi\/index.php\/wp-json\/wp\/v2\/pages\/444\/revisions\/2217"}],"wp:attachment":[{"href":"https:\/\/www.kapylanelainkauppa.fi\/index.php\/wp-json\/wp\/v2\/media?parent=444"}],"curies":[{"name":"wp","href":"https:\/\/api.w.org\/{rel}","templated":true}]}}