{"id":467,"date":"2017-10-04T15:26:25","date_gmt":"2017-10-04T12:26:25","guid":{"rendered":"http:\/\/kapylanelainkauppa.online.fi\/?page_id=467"},"modified":"2023-10-31T18:38:20","modified_gmt":"2023-10-31T16:38:20","slug":"kynsienleikkuu","status":"publish","type":"page","link":"https:\/\/www.kapylanelainkauppa.fi\/index.php\/palvelut\/kynsienleikkuu\/","title":{"rendered":"Kynsienleikkuu"},"content":{"rendered":"<h6 style=\"text-align: center;\">Leikkaamme kanejen ja marsujen kynnet tottuneesti ja tarkasti.<br \/>\nKannattaa pirauttaa ennenkuin l\u00e4htee tuomaan lemmikki\u00e4\u00e4n ja varmistaa, ett\u00e4 paikalla on varmasti kynsienleikkuukykyinen myyj\u00e4 \ud83d\ude09<br \/>\nTarvittaessa teemme my\u00f6s turkinhoitoa pitk\u00e4karvaisille kaneille ja marsuille. Turkin selvitys, pesu ja leikkaus alk. 10\u20ac.<\/h6>\n<p style=\"text-align: center;\"><img loading=\"lazy\" decoding=\"async\" class=\"aligncenter wp-image-1059 size-medium\" style=\"font-size: 1rem;\" src=\"http:\/\/www.kapylanelainkauppa.fi\/wp-content\/uploads\/Marsukynnet-181x300.jpg\" alt=\"\" width=\"181\" height=\"300\" srcset=\"https:\/\/www.kapylanelainkauppa.fi\/wp-content\/uploads\/Marsukynnet-181x300.jpg 181w, https:\/\/www.kapylanelainkauppa.fi\/wp-content\/uploads\/Marsukynnet.jpg 913w\" sizes=\"auto, (max-width: 181px) 100vw, 181px\" \/><\/p>\n<h6 style=\"text-align: center;\">Kynsienleikkuu 5\u20ac<\/h6>\n","protected":false},"excerpt":{"rendered":"<p>Leikkaamme kanejen ja marsujen kynnet tottuneesti ja tarkasti. Kannattaa pirauttaa ennenkuin l\u00e4htee tuomaan lemmikki\u00e4\u00e4n ja varmistaa, ett\u00e4 paikalla on varmasti kynsienleikkuukykyinen myyj\u00e4 \ud83d\ude09 Tarvittaessa teemme my\u00f6s turkinhoitoa pitk\u00e4karvaisille kaneille ja marsuille. Turkin selvitys, pesu ja leikkaus alk. 10\u20ac. Kynsienleikkuu 5\u20ac<\/p>\n","protected":false},"author":1,"featured_media":0,"parent":439,"menu_order":0,"comment_status":"closed","ping_status":"closed","template":"","meta":{"footnotes":""},"class_list":{"0":"post-467","1":"page","2":"type-page","3":"status-publish","5":"entry"},"_links":{"self":[{"href":"https:\/\/www.kapylanelainkauppa.fi\/index.php\/wp-json\/wp\/v2\/pages\/467","targetHints":{"allow":["GET"]}}],"collection":[{"href":"https:\/\/www.kapylanelainkauppa.fi\/index.php\/wp-json\/wp\/v2\/pages"}],"about":[{"href":"https:\/\/www.kapylanelainkauppa.fi\/index.php\/wp-json\/wp\/v2\/types\/page"}],"author":[{"embeddable":true,"href":"https:\/\/www.kapylanelainkauppa.fi\/index.php\/wp-json\/wp\/v2\/users\/1"}],"replies":[{"embeddable":true,"href":"https:\/\/www.kapylanelainkauppa.fi\/index.php\/wp-json\/wp\/v2\/comments?post=467"}],"version-history":[{"count":12,"href":"https:\/\/www.kapylanelainkauppa.fi\/index.php\/wp-json\/wp\/v2\/pages\/467\/revisions"}],"predecessor-version":[{"id":1945,"href":"https:\/\/www.kapylanelainkauppa.fi\/index.php\/wp-json\/wp\/v2\/pages\/467\/revisions\/1945"}],"up":[{"embeddable":true,"href":"https:\/\/www.kapylanelainkauppa.fi\/index.php\/wp-json\/wp\/v2\/pages\/439"}],"wp:attachment":[{"href":"https:\/\/www.kapylanelainkauppa.fi\/index.php\/wp-json\/wp\/v2\/media?parent=467"}],"curies":[{"name":"wp","href":"https:\/\/api.w.org\/{rel}","templated":true}]}}