{"id":48,"date":"2016-12-02T07:42:31","date_gmt":"2016-12-02T07:42:31","guid":{"rendered":"http:\/\/elainkauppa.savipaja.net\/?page_id=48"},"modified":"2024-12-28T22:31:31","modified_gmt":"2024-12-28T20:31:31","slug":"kissojen-herkut","status":"publish","type":"page","link":"https:\/\/www.kapylanelainkauppa.fi\/index.php\/tuotteet\/kissat\/kissojen-ruoat\/kissojen-herkut\/","title":{"rendered":"Kissojen herkut"},"content":{"rendered":"<h5 style=\"text-align: center;\">Valikoimissamme erilaisia herkkuja kissoille, mm.<\/h5>\n<p><img loading=\"lazy\" decoding=\"async\" class=\"size-medium wp-image-1046 aligncenter\" src=\"http:\/\/kapylanelainkauppa.fi\/wp-content\/uploads\/kissaherkut-300x211.jpg\" alt=\"\" width=\"300\" height=\"211\" srcset=\"https:\/\/www.kapylanelainkauppa.fi\/wp-content\/uploads\/kissaherkut-300x211.jpg 300w, https:\/\/www.kapylanelainkauppa.fi\/wp-content\/uploads\/kissaherkut.jpg 1613w\" sizes=\"auto, (max-width: 300px) 100vw, 300px\" \/><\/p>\n<ul>\n<li>TESSU Kotimaiset kuivatut kuoreet ja broileriliuskat<\/li>\n<li>MIAMOR &#8211; pakastekuivatut lihaherkut ja kissanmallastahnat<\/li>\n<li>SANAL-Lihatikut &amp; Kissanmallas<\/li>\n<li>LIFECAT-Lihatikut<\/li>\n<li>MIAMOR Kissan Juomat<\/li>\n<li>&#8221;KISSANPUSUT&#8221;, Kalapitoinen herkku foliopaperiin k\u00e4\u00e4rittyn\u00e4 karkkina<\/li>\n<\/ul>\n<p style=\"text-align: center;\">Lis\u00e4ksi monet kissat suorastaan rakastavat koirien herkkuja, kuten kuivattuja kanankauloja, munuaisia tai syd\u00e4nt\u00e4!!<\/p>\n","protected":false},"excerpt":{"rendered":"<p>Valikoimissamme erilaisia herkkuja kissoille, mm. TESSU Kotimaiset kuivatut kuoreet ja broileriliuskat MIAMOR &#8211; pakastekuivatut lihaherkut ja kissanmallastahnat SANAL-Lihatikut &amp; Kissanmallas LIFECAT-Lihatikut MIAMOR Kissan Juomat &#8221;KISSANPUSUT&#8221;, Kalapitoinen herkku foliopaperiin k\u00e4\u00e4rittyn\u00e4 karkkina Lis\u00e4ksi monet kissat suorastaan rakastavat koirien herkkuja, kuten kuivattuja kanankauloja, munuaisia tai syd\u00e4nt\u00e4!!<\/p>\n","protected":false},"author":1,"featured_media":0,"parent":42,"menu_order":30,"comment_status":"closed","ping_status":"closed","template":"","meta":{"footnotes":""},"class_list":{"0":"post-48","1":"page","2":"type-page","3":"status-publish","5":"entry"},"_links":{"self":[{"href":"https:\/\/www.kapylanelainkauppa.fi\/index.php\/wp-json\/wp\/v2\/pages\/48","targetHints":{"allow":["GET"]}}],"collection":[{"href":"https:\/\/www.kapylanelainkauppa.fi\/index.php\/wp-json\/wp\/v2\/pages"}],"about":[{"href":"https:\/\/www.kapylanelainkauppa.fi\/index.php\/wp-json\/wp\/v2\/types\/page"}],"author":[{"embeddable":true,"href":"https:\/\/www.kapylanelainkauppa.fi\/index.php\/wp-json\/wp\/v2\/users\/1"}],"replies":[{"embeddable":true,"href":"https:\/\/www.kapylanelainkauppa.fi\/index.php\/wp-json\/wp\/v2\/comments?post=48"}],"version-history":[{"count":12,"href":"https:\/\/www.kapylanelainkauppa.fi\/index.php\/wp-json\/wp\/v2\/pages\/48\/revisions"}],"predecessor-version":[{"id":2103,"href":"https:\/\/www.kapylanelainkauppa.fi\/index.php\/wp-json\/wp\/v2\/pages\/48\/revisions\/2103"}],"up":[{"embeddable":true,"href":"https:\/\/www.kapylanelainkauppa.fi\/index.php\/wp-json\/wp\/v2\/pages\/42"}],"wp:attachment":[{"href":"https:\/\/www.kapylanelainkauppa.fi\/index.php\/wp-json\/wp\/v2\/media?parent=48"}],"curies":[{"name":"wp","href":"https:\/\/api.w.org\/{rel}","templated":true}]}}