{"id":54,"date":"2016-12-02T07:49:20","date_gmt":"2016-12-02T07:49:20","guid":{"rendered":"http:\/\/elainkauppa.savipaja.net\/?page_id=54"},"modified":"2023-10-31T19:22:50","modified_gmt":"2023-10-31T17:22:50","slug":"kissojen-pannat-valjaat","status":"publish","type":"page","link":"https:\/\/www.kapylanelainkauppa.fi\/index.php\/tuotteet\/kissat\/kissojen-pannat-valjaat\/","title":{"rendered":"Kissojen pannat &#038; valjaat"},"content":{"rendered":"<h5 style=\"text-align: center;\">Kaikki myynniss\u00e4mme olevat kissanvaljaat ovat kotimaita laatuty\u00f6t\u00e4!<br \/>\nValmistajina mm. renkolainen Kesomaa sek\u00e4<\/h5>\n<h5 style=\"text-align: center;\">koiranvaljaistakin tuttu Arja V\u00e4nttinen eli Arja&#8217;s Art<\/h5>\n<h2><strong><img loading=\"lazy\" decoding=\"async\" class=\"size-medium wp-image-1182 aligncenter\" src=\"http:\/\/kapylanelainkauppa.fi\/wp-content\/uploads\/kissanvaljas_puuma-195x300.jpg\" alt=\"\" width=\"195\" height=\"300\" srcset=\"https:\/\/www.kapylanelainkauppa.fi\/wp-content\/uploads\/kissanvaljas_puuma-195x300.jpg 195w, https:\/\/www.kapylanelainkauppa.fi\/wp-content\/uploads\/kissanvaljas_puuma.jpg 394w\" sizes=\"auto, (max-width: 195px) 100vw, 195px\" \/><\/strong><\/h2>\n<h2>KESOMAA<\/h2>\n<p><a href=\"http:\/\/www.kesomaa.fi\/\"><img decoding=\"async\" class=\"alignright\" src=\"http:\/\/www.kapylanelainkauppa.fi\/logokesomaa.gif\" alt=\"\" \/><\/a>Kissan pannoissa tavallisten nahkapantojen lis\u00e4ksi heijastavia, mokkaisia, niiteill\u00e4 tai timanteilla varustettuja ihania malleja. Kaikissa joustava kuminauhaosa.<\/p>\n<p>Valjaissa suosituimpia ovat mokkanahkaiset pikalukoilla varustetut mallit, joita l\u00f6ytyy monissa herkullisissa v\u00e4reiss\u00e4 ja kolmessa eri koossa.<\/p>\n<h2><strong>Arja&#8217;s Art &#8211; ARJA V\u00c4NTTINEN<\/strong><\/h2>\n<p>&#8221;V\u00e4nttisen&#8221; kissanvaljaissa on kiinte\u00e4 kaulalenkki ja s\u00e4\u00e4dett\u00e4v\u00e4 vatsan ymp\u00e4rille tuleva osa<br \/>\nTehokkaasti n\u00e4kyv\u00e4t Scothlite\u2122 heijastintereet<br \/>\nValjaita kuutta eri kokoa<\/p>\n","protected":false},"excerpt":{"rendered":"<p>Kaikki myynniss\u00e4mme olevat kissanvaljaat ovat kotimaita laatuty\u00f6t\u00e4! Valmistajina mm. renkolainen Kesomaa sek\u00e4 koiranvaljaistakin tuttu Arja V\u00e4nttinen eli Arja&#8217;s Art KESOMAA Kissan pannoissa tavallisten nahkapantojen lis\u00e4ksi heijastavia, mokkaisia, niiteill\u00e4 tai timanteilla varustettuja ihania malleja. Kaikissa joustava kuminauhaosa. Valjaissa suosituimpia ovat mokkanahkaiset pikalukoilla varustetut mallit, joita l\u00f6ytyy monissa herkullisissa v\u00e4reiss\u00e4 ja kolmessa eri koossa. Arja&#8217;s Art &#8211;&hellip; <\/p>\n<p class=\"toivo-read-more\"><a href=\"https:\/\/www.kapylanelainkauppa.fi\/index.php\/tuotteet\/kissat\/kissojen-pannat-valjaat\/\" class=\"more-link\">Lue lis\u00e4\u00e4 <span class=\"screen-reader-text\">Kissojen pannat &#038; valjaat<\/span><\/a><\/p>\n","protected":false},"author":1,"featured_media":0,"parent":40,"menu_order":40,"comment_status":"closed","ping_status":"closed","template":"","meta":{"footnotes":""},"class_list":{"0":"post-54","1":"page","2":"type-page","3":"status-publish","5":"entry"},"_links":{"self":[{"href":"https:\/\/www.kapylanelainkauppa.fi\/index.php\/wp-json\/wp\/v2\/pages\/54","targetHints":{"allow":["GET"]}}],"collection":[{"href":"https:\/\/www.kapylanelainkauppa.fi\/index.php\/wp-json\/wp\/v2\/pages"}],"about":[{"href":"https:\/\/www.kapylanelainkauppa.fi\/index.php\/wp-json\/wp\/v2\/types\/page"}],"author":[{"embeddable":true,"href":"https:\/\/www.kapylanelainkauppa.fi\/index.php\/wp-json\/wp\/v2\/users\/1"}],"replies":[{"embeddable":true,"href":"https:\/\/www.kapylanelainkauppa.fi\/index.php\/wp-json\/wp\/v2\/comments?post=54"}],"version-history":[{"count":9,"href":"https:\/\/www.kapylanelainkauppa.fi\/index.php\/wp-json\/wp\/v2\/pages\/54\/revisions"}],"predecessor-version":[{"id":2007,"href":"https:\/\/www.kapylanelainkauppa.fi\/index.php\/wp-json\/wp\/v2\/pages\/54\/revisions\/2007"}],"up":[{"embeddable":true,"href":"https:\/\/www.kapylanelainkauppa.fi\/index.php\/wp-json\/wp\/v2\/pages\/40"}],"wp:attachment":[{"href":"https:\/\/www.kapylanelainkauppa.fi\/index.php\/wp-json\/wp\/v2\/media?parent=54"}],"curies":[{"name":"wp","href":"https:\/\/api.w.org\/{rel}","templated":true}]}}