{"id":58,"date":"2016-12-02T07:57:37","date_gmt":"2016-12-02T07:57:37","guid":{"rendered":"http:\/\/elainkauppa.savipaja.net\/?page_id=58"},"modified":"2023-10-31T19:22:29","modified_gmt":"2023-10-31T17:22:29","slug":"jyrsijat-ja-kanit","status":"publish","type":"page","link":"https:\/\/www.kapylanelainkauppa.fi\/index.php\/tuotteet\/jyrsijat-ja-kanit\/","title":{"rendered":"Jyrsij\u00f6ille ja kaneille"},"content":{"rendered":"<p><img decoding=\"async\" src=\"http:\/\/www.kapylanelainkauppa.fi\/kanitaco.jpg\" alt=\"\" \/><img loading=\"lazy\" decoding=\"async\" class=\"size-medium wp-image-1173 aligncenter\" src=\"http:\/\/kapylanelainkauppa.fi\/wp-content\/uploads\/kanitaco-300x286.jpg\" alt=\"\" width=\"300\" height=\"286\" srcset=\"https:\/\/www.kapylanelainkauppa.fi\/wp-content\/uploads\/kanitaco-300x286.jpg 300w, https:\/\/www.kapylanelainkauppa.fi\/wp-content\/uploads\/kanitaco.jpg 591w\" sizes=\"auto, (max-width: 300px) 100vw, 300px\" \/><\/p>\n<p><a href=\"http:\/\/kapylanelainkauppa.fi\/index.php\/tuotteet\/jyrsijat-ja-kanit\/jyrsijoiden-ja-kanien-ruoat\/\">Jyrsij\u00f6iden ja kanien ruoat<\/a><br \/>\n<a href=\"http:\/\/kapylanelainkauppa.fi\/index.php\/tuotteet\/jyrsijat-ja-kanit\/jyrsijoiden-ja-kanien-tarvikkeet\/\">Jyrsij\u00f6iden ja kanien tarvikkeet<\/a><br \/>\n<a href=\"http:\/\/kapylanelainkauppa.fi\/index.php\/tuotteet\/jyrsijat-ja-kanit\/myytavat-jyrsijat-ja-kanit\/\">Myyt\u00e4v\u00e4t kanit ja marsut<\/a><\/p>\n","protected":false},"excerpt":{"rendered":"<p>Jyrsij\u00f6iden ja kanien ruoat Jyrsij\u00f6iden ja kanien tarvikkeet Myyt\u00e4v\u00e4t kanit ja marsut<\/p>\n","protected":false},"author":1,"featured_media":0,"parent":433,"menu_order":40,"comment_status":"closed","ping_status":"closed","template":"","meta":{"footnotes":""},"class_list":{"0":"post-58","1":"page","2":"type-page","3":"status-publish","5":"entry"},"_links":{"self":[{"href":"https:\/\/www.kapylanelainkauppa.fi\/index.php\/wp-json\/wp\/v2\/pages\/58","targetHints":{"allow":["GET"]}}],"collection":[{"href":"https:\/\/www.kapylanelainkauppa.fi\/index.php\/wp-json\/wp\/v2\/pages"}],"about":[{"href":"https:\/\/www.kapylanelainkauppa.fi\/index.php\/wp-json\/wp\/v2\/types\/page"}],"author":[{"embeddable":true,"href":"https:\/\/www.kapylanelainkauppa.fi\/index.php\/wp-json\/wp\/v2\/users\/1"}],"replies":[{"embeddable":true,"href":"https:\/\/www.kapylanelainkauppa.fi\/index.php\/wp-json\/wp\/v2\/comments?post=58"}],"version-history":[{"count":5,"href":"https:\/\/www.kapylanelainkauppa.fi\/index.php\/wp-json\/wp\/v2\/pages\/58\/revisions"}],"predecessor-version":[{"id":2006,"href":"https:\/\/www.kapylanelainkauppa.fi\/index.php\/wp-json\/wp\/v2\/pages\/58\/revisions\/2006"}],"up":[{"embeddable":true,"href":"https:\/\/www.kapylanelainkauppa.fi\/index.php\/wp-json\/wp\/v2\/pages\/433"}],"wp:attachment":[{"href":"https:\/\/www.kapylanelainkauppa.fi\/index.php\/wp-json\/wp\/v2\/media?parent=58"}],"curies":[{"name":"wp","href":"https:\/\/api.w.org\/{rel}","templated":true}]}}