{"id":84,"date":"2016-12-02T08:24:03","date_gmt":"2016-12-02T08:24:03","guid":{"rendered":"http:\/\/elainkauppa.savipaja.net\/?page_id=84"},"modified":"2023-10-31T19:22:10","modified_gmt":"2023-10-31T17:22:10","slug":"ilo-labradorinnoutaja","status":"publish","type":"page","link":"https:\/\/www.kapylanelainkauppa.fi\/index.php\/kaupan-henkilokunta-ja-asukit\/talon-tassuttelijat\/ilo-labradorinnoutaja\/","title":{"rendered":"Ilo &#8211; Labradorinnoutaja"},"content":{"rendered":"<h3><b>Opas Ilo &#8221;Ilo&#8221;<\/b><\/h3>\n<p><img loading=\"lazy\" decoding=\"async\" class=\"alignright size-full wp-image-522\" src=\"http:\/\/kapylanelainkauppa.fi\/wp-content\/uploads\/ilopentu.jpg\" alt=\"\" width=\"392\" height=\"531\" srcset=\"https:\/\/www.kapylanelainkauppa.fi\/wp-content\/uploads\/ilopentu.jpg 392w, https:\/\/www.kapylanelainkauppa.fi\/wp-content\/uploads\/ilopentu-221x300.jpg 221w\" sizes=\"auto, (max-width: 392px) 100vw, 392px\" \/>LABRADORINNOUTAJA<br \/>\nNarttu<\/p>\n<p>16.3.2000 &#8211; 14.6.2012<\/p>\n<p>v\u00e4ri: Musta<\/p>\n<p>i: Valpisa\u2019s Nikolai<br \/>\ne: Opas Bea<\/p>\n<p>\u201dkasvattit\u00e4ti\u201d\u00a0 Kati Leino<\/p>\n<p>omistaja Opaskoirakoulu<br \/>\nk\u00e4ytt\u00e4j\u00e4\u00a0 Ritva Tahvanainen<\/p>\n<p><a href=\"http:\/\/jalostus.kennelliitto.fi\/frmKoira.aspx?RekNo=FIN16927\/00&amp;R=122\">Ilo KoiraNetiss\u00e4<\/a><\/p>\n<p>Tarinaa tulossa&#8230;.<br \/>\n<a href=\"http:\/\/yle.fi\/alueet\/oulu\/2009\/10\/opaskoira_lisaa_liikkumisen_sujuvuutta_1083718.html\">Artikkeli YLE:n sivuilla<\/a><\/p>\n","protected":false},"excerpt":{"rendered":"<p>Opas Ilo &#8221;Ilo&#8221; LABRADORINNOUTAJA Narttu 16.3.2000 &#8211; 14.6.2012 v\u00e4ri: Musta i: Valpisa\u2019s Nikolai e: Opas Bea \u201dkasvattit\u00e4ti\u201d\u00a0 Kati Leino omistaja Opaskoirakoulu k\u00e4ytt\u00e4j\u00e4\u00a0 Ritva Tahvanainen Ilo KoiraNetiss\u00e4 Tarinaa tulossa&#8230;. Artikkeli YLE:n sivuilla<\/p>\n","protected":false},"author":1,"featured_media":0,"parent":76,"menu_order":40,"comment_status":"closed","ping_status":"closed","template":"","meta":{"footnotes":""},"class_list":{"0":"post-84","1":"page","2":"type-page","3":"status-publish","5":"entry"},"_links":{"self":[{"href":"https:\/\/www.kapylanelainkauppa.fi\/index.php\/wp-json\/wp\/v2\/pages\/84","targetHints":{"allow":["GET"]}}],"collection":[{"href":"https:\/\/www.kapylanelainkauppa.fi\/index.php\/wp-json\/wp\/v2\/pages"}],"about":[{"href":"https:\/\/www.kapylanelainkauppa.fi\/index.php\/wp-json\/wp\/v2\/types\/page"}],"author":[{"embeddable":true,"href":"https:\/\/www.kapylanelainkauppa.fi\/index.php\/wp-json\/wp\/v2\/users\/1"}],"replies":[{"embeddable":true,"href":"https:\/\/www.kapylanelainkauppa.fi\/index.php\/wp-json\/wp\/v2\/comments?post=84"}],"version-history":[{"count":4,"href":"https:\/\/www.kapylanelainkauppa.fi\/index.php\/wp-json\/wp\/v2\/pages\/84\/revisions"}],"predecessor-version":[{"id":2005,"href":"https:\/\/www.kapylanelainkauppa.fi\/index.php\/wp-json\/wp\/v2\/pages\/84\/revisions\/2005"}],"up":[{"embeddable":true,"href":"https:\/\/www.kapylanelainkauppa.fi\/index.php\/wp-json\/wp\/v2\/pages\/76"}],"wp:attachment":[{"href":"https:\/\/www.kapylanelainkauppa.fi\/index.php\/wp-json\/wp\/v2\/media?parent=84"}],"curies":[{"name":"wp","href":"https:\/\/api.w.org\/{rel}","templated":true}]}}