{"id":86,"date":"2016-12-02T08:25:14","date_gmt":"2016-12-02T08:25:14","guid":{"rendered":"http:\/\/elainkauppa.savipaja.net\/?page_id=86"},"modified":"2023-10-31T19:31:14","modified_gmt":"2023-10-31T17:31:14","slug":"fysioterapia","status":"publish","type":"page","link":"https:\/\/www.kapylanelainkauppa.fi\/index.php\/palvelut\/fysioterapia\/","title":{"rendered":"Fysioterapia"},"content":{"rendered":"<h5 style=\"text-align: center;\"><strong>EL\u00c4INFYSIOTERAPEUTTI TAMARA MERENVALTA<\/strong><\/h5>\n<h5 style=\"text-align: center;\">&#8211; Vastaanotto\u00a0 liikkeemme tiloissa<br \/>\n&#8211; Ajanvaraukset suoraan Tamaralta\u00a0 050-360 4101 tai\u00a0 tamara.merenvalta@kolumbus.fi<\/h5>\n<p><strong>FYSIOTERAPIAA KOIRILLE<\/strong><\/p>\n<p>El\u00e4infysioterapia, lemmikin hyvinvoinnin yll\u00e4pit\u00e4j\u00e4<\/p>\n<p>Koirat sairastavat samoja toimintakyky\u00e4 rajoittavia ja el\u00e4m\u00e4nlaatua alentavia sairauksia kuin ihmiset. Siksi niidenkin tuki- ja liikuntaelimist\u00f6 kaipaa huolenpitoa. Erityisesti suurikokoisten rotujen vanhenevat koirat ovat alttiita lonkka- ja kyyn\u00e4rnivelen ongelmille, ja selk\u00e4sairaudet voivat olla sek\u00e4 suurten ett\u00e4 pienten koirien ik\u00e4rasitteena.<\/p>\n<p>Tietyn rotuisilla koirilla n\u00e4ytt\u00e4isi jo perim\u00e4n kautta olevan alttiutta sairastua m\u00e4\u00e4r\u00e4ttyihin tuki- ja liikuntaelinsairauksiin. Ensimm\u00e4iset oireet voivat ilmet\u00e4 esimerkiksi haluttomuutena l\u00e4hte\u00e4 liikkeelle ja ulos, asentojen k\u00e4ytt\u00e4m\u00e4tt\u00e4 j\u00e4tt\u00e4misen\u00e4, jolloin koira ei mielell\u00e4\u00e4n en\u00e4\u00e4 istu tai venyttele, k\u00e4yt\u00f6songelmina, kuten k\u00e4rttyisyyten\u00e4 tai jopa vihaisuutena.<\/p>\n<p>Kun ongelma on edennyt pidemm\u00e4lle koira voi alkaa ontua raajaansa, sen askel voi lyhet\u00e4 ja koira voi k\u00f6yrist\u00e4\u00e4 liikkuessa selk\u00e4\u00e4ns\u00e4. T\u00e4ll\u00f6in viimeist\u00e4\u00e4n on syyt\u00e4 k\u00e4yd\u00e4 el\u00e4inl\u00e4\u00e4k\u00e4rill\u00e4 ja varmistua koiran terveydentilasta. Kun el\u00e4inl\u00e4\u00e4k\u00e4riss\u00e4 l\u00f6ytyy syy koiran oirehtimiselle, on helpompi l\u00e4hesty\u00e4 koiraa fysioterapian keinoin.<\/p>\n<p>Koiran tullessa ensimm\u00e4ist\u00e4 kertaa vastaanotolle fysioterapeutti tarkkailee sen perusliikkumista eli k\u00e4vely\u00e4, juoksemista, istumista ja maahan menoa sek\u00e4 siit\u00e4 nousemista. Omistajaa haastatellaan samalla. T\u00e4m\u00e4n j\u00e4lkeen koira tutkitaan j\u00e4rjestelm\u00e4llisesti lihas lihakselta ja nivel nivelelt\u00e4. N\u00e4in kipuilevat, j\u00e4nnittyneet ja ongelmakohdat usein l\u00f6ytyv\u00e4t.<\/p>\n<p>Haasteellisimpia tutkittavia ja hoidettavia ovat ep\u00e4luuloiset koirat, jotka paikka- tai ihmisarkuuttaan j\u00e4nnitt\u00e4v\u00e4t hoitotilaa ja fysioterapeuttia. Koiran t\u00e4ytyykin antaa rauhassa tutustua ymp\u00e4rist\u00f6\u00f6n ja koiraa tulee l\u00e4hesty\u00e4 t\u00e4m\u00e4n ehdoilla. Ep\u00e4luuloisuus helpottuu huomattavasti jo toisella k\u00e4yntikerralla.<\/p>\n<p>Fysioterapiajakson aikana omistajalle annetaan mm. yksil\u00f6lliset kotihoito-ohjeet ja ohjeita koiran liikuttamisesta. Yleens\u00e4 omistajat motivoituvat hoitamaan lemmikki\u00e4\u00e4n erityisen hyvin, mik\u00e4 on t\u00e4rke\u00e4\u00e4 sairauksien ja ongelmien ennaltaehk\u00e4isyss\u00e4 sek\u00e4 saavutetun toiminnallisen tason yll\u00e4pit\u00e4misess\u00e4.<\/p>\n<p>Menetelmi\u00e4, joita fysioterapeutti k\u00e4ytt\u00e4\u00e4, ovat omistajan ohjaus ja neuvonta, koiran nivelten mobilisointi, lihasten hieronta ja venytykset sek\u00e4 fysikaaliset hoidot, joita ovat kylm\u00e4-, l\u00e4mp\u00f6- ja s\u00e4hk\u00f6hoidot. Hoidossa koiran lihaksia liikutellaan, painellaan ja venytell\u00e4\u00e4n niin, ett\u00e4 j\u00e4ykistyneet ja j\u00e4nnittyneet kohdat saadaan rentoutumaan. Jo yhden hoitokerran j\u00e4lkeen erityisesti nuorten koirien liikeradat saadaan usein palautetuksi ennalleen. T\u00e4llaisia tapauksia voi olla esimerkiksi alasel\u00e4n\/lantion alueen \u201dlukko\u201d, jolloin liike palautuu v\u00e4litt\u00f6m\u00e4sti hoitokerran ja pienen levon j\u00e4lkeen.<\/p>\n<p>Kehon liikkuvuutta voidaan siis yll\u00e4pit\u00e4\u00e4 oikeanlaisella harjoittelulla ja liikuttamisella. Er\u00e4\u00e4n t\u00e4rke\u00e4n ryhm\u00e4n fysioterapeutin asiakkaista muodostavat aktiiviset ja \u201durheilevat\u201d koirat. Nyky\u00e4\u00e4n mm. palveluskoira- tai agilityharrastaja haluaa pit\u00e4\u00e4 huolen koiran palautumisesta. Kilpailukaudella nopeutetaan tarvittaessa kehon palautumista hieroen ja venyttelyin, jolloin my\u00f6s koiran psyykkinen, usein yliaktiivinen vireystila laukeaa ja koira rentoutuu. Lepo-\/peruskuntokaudella varmistutaan kehon harmoniasta ja esimerkiksi paikataan lihaksiston puutteellisia osa-alueita erilaisin harjoittein.<\/p>\n<p>Fysioterapeutit, jotka kuntouttavat koiria, ovat valmistuneet ammattiin humaanipuolelta ja t\u00e4m\u00e4n j\u00e4lkeen hankkineet erikoistumisensa el\u00e4inten fysioterapiaan. Toimintaa ohjaa ja valvoo Suomen El\u00e4infysioterapeutit \u2013yhdistys.<\/p>\n<p>Soita ja varaa aika, niin katsotaan mit\u00e4 voimme tehd\u00e4 lemmikkisi parhaaksi!<\/p>\n<p>&#8211; T y \u00f6 t e l i \u00e4 s,\u00a0 o n n e l l i n e n\u00a0\u00a0 k o i r a &#8211;<\/p>\n<p><img loading=\"lazy\" decoding=\"async\" class=\"wp-image-1358 aligncenter\" src=\"http:\/\/kapylanelainkauppa.fi\/wp-content\/uploads\/IMG_7718-300x217.jpg\" alt=\"\" width=\"343\" height=\"248\" srcset=\"https:\/\/www.kapylanelainkauppa.fi\/wp-content\/uploads\/IMG_7718-300x217.jpg 300w, https:\/\/www.kapylanelainkauppa.fi\/wp-content\/uploads\/IMG_7718.jpg 1000w\" sizes=\"auto, (max-width: 343px) 100vw, 343px\" \/><\/p>\n","protected":false},"excerpt":{"rendered":"<p>EL\u00c4INFYSIOTERAPEUTTI TAMARA MERENVALTA &#8211; Vastaanotto\u00a0 liikkeemme tiloissa &#8211; Ajanvaraukset suoraan Tamaralta\u00a0 050-360 4101 tai\u00a0 tamara.merenvalta@kolumbus.fi FYSIOTERAPIAA KOIRILLE El\u00e4infysioterapia, lemmikin hyvinvoinnin yll\u00e4pit\u00e4j\u00e4 Koirat sairastavat samoja toimintakyky\u00e4 rajoittavia ja el\u00e4m\u00e4nlaatua alentavia sairauksia kuin ihmiset. Siksi niidenkin tuki- ja liikuntaelimist\u00f6 kaipaa huolenpitoa. Erityisesti suurikokoisten rotujen vanhenevat koirat ovat alttiita lonkka- ja kyyn\u00e4rnivelen ongelmille, ja selk\u00e4sairaudet voivat olla sek\u00e4&hellip; <\/p>\n<p class=\"toivo-read-more\"><a href=\"https:\/\/www.kapylanelainkauppa.fi\/index.php\/palvelut\/fysioterapia\/\" class=\"more-link\">Lue lis\u00e4\u00e4 <span class=\"screen-reader-text\">Fysioterapia<\/span><\/a><\/p>\n","protected":false},"author":1,"featured_media":0,"parent":439,"menu_order":80,"comment_status":"closed","ping_status":"closed","template":"","meta":{"footnotes":""},"class_list":{"0":"post-86","1":"page","2":"type-page","3":"status-publish","5":"entry"},"_links":{"self":[{"href":"https:\/\/www.kapylanelainkauppa.fi\/index.php\/wp-json\/wp\/v2\/pages\/86","targetHints":{"allow":["GET"]}}],"collection":[{"href":"https:\/\/www.kapylanelainkauppa.fi\/index.php\/wp-json\/wp\/v2\/pages"}],"about":[{"href":"https:\/\/www.kapylanelainkauppa.fi\/index.php\/wp-json\/wp\/v2\/types\/page"}],"author":[{"embeddable":true,"href":"https:\/\/www.kapylanelainkauppa.fi\/index.php\/wp-json\/wp\/v2\/users\/1"}],"replies":[{"embeddable":true,"href":"https:\/\/www.kapylanelainkauppa.fi\/index.php\/wp-json\/wp\/v2\/comments?post=86"}],"version-history":[{"count":7,"href":"https:\/\/www.kapylanelainkauppa.fi\/index.php\/wp-json\/wp\/v2\/pages\/86\/revisions"}],"predecessor-version":[{"id":2020,"href":"https:\/\/www.kapylanelainkauppa.fi\/index.php\/wp-json\/wp\/v2\/pages\/86\/revisions\/2020"}],"up":[{"embeddable":true,"href":"https:\/\/www.kapylanelainkauppa.fi\/index.php\/wp-json\/wp\/v2\/pages\/439"}],"wp:attachment":[{"href":"https:\/\/www.kapylanelainkauppa.fi\/index.php\/wp-json\/wp\/v2\/media?parent=86"}],"curies":[{"name":"wp","href":"https:\/\/api.w.org\/{rel}","templated":true}]}}